{"id":10302,"date":"2025-11-18T15:20:15","date_gmt":"2025-11-18T15:20:15","guid":{"rendered":"https:\/\/fincalecumberri.com.ar\/minorista\/?post_type=product&#038;p=10302"},"modified":"2026-03-30T14:18:47","modified_gmt":"2026-03-30T14:18:47","slug":"arma-tu-combo-lecumeberri","status":"publish","type":"product","link":"https:\/\/fincalecumberri.com.ar\/minorista\/producto\/arma-tu-combo-lecumeberri\/","title":{"rendered":"Arm\u00e1 tu Combo - TODOS LOS PRODUCTOS"},"content":{"rendered":"<p>Eleg\u00ed los que m\u00e1s te gusten y arm\u00e1 el combo ideal para vos<\/p>\n","protected":false},"excerpt":{"rendered":"<p>Eleg\u00ed los que m\u00e1s te gusten y arm\u00e1 el combo ideal para vos<\/p>\n","protected":false},"featured_media":10375,"template":"","meta":{"_acf_changed":false,"_seopress_robots_primary_cat":"none","_seopress_titles_title":"","_seopress_titles_desc":"","_seopress_robots_index":"","inline_featured_image":false},"product_brand":[],"product_cat":[81],"class_list":{"0":"post-10302","1":"product","2":"type-product","3":"status-publish","4":"has-post-thumbnail","6":"product_cat-arma-tu-combo","8":"first","9":"instock","10":"shipping-taxable","11":"purchasable","12":"product-type-composite"},"acf":[],"_links":{"self":[{"href":"https:\/\/fincalecumberri.com.ar\/minorista\/wp-json\/wp\/v2\/product\/10302","targetHints":{"allow":["GET"]}}],"collection":[{"href":"https:\/\/fincalecumberri.com.ar\/minorista\/wp-json\/wp\/v2\/product"}],"about":[{"href":"https:\/\/fincalecumberri.com.ar\/minorista\/wp-json\/wp\/v2\/types\/product"}],"wp:featuredmedia":[{"embeddable":true,"href":"https:\/\/fincalecumberri.com.ar\/minorista\/wp-json\/wp\/v2\/media\/10375"}],"wp:attachment":[{"href":"https:\/\/fincalecumberri.com.ar\/minorista\/wp-json\/wp\/v2\/media?parent=10302"}],"wp:term":[{"taxonomy":"product_brand","embeddable":true,"href":"https:\/\/fincalecumberri.com.ar\/minorista\/wp-json\/wp\/v2\/product_brand?post=10302"},{"taxonomy":"product_cat","embeddable":true,"href":"https:\/\/fincalecumberri.com.ar\/minorista\/wp-json\/wp\/v2\/product_cat?post=10302"}],"curies":[{"name":"wp","href":"https:\/\/api.w.org\/{rel}","templated":true}]}}